22?
-2110
In base 16, what is 6 - -34?
3a
In base 11, what is -7aa - -4?
-7a6
In base 2, what is 11111100001 - 100?
11111011101
In base 14, what is -219 + -4?
-21d
In base 12, what is 5 + -35?
-30
In base 10, what is -1354 - -20?
-1334
In base 13, what is -212 - 5?
-217
In base 12, what is -1 - 95?
-96
In base 12, what is -1 - -193?
192
In base 3, what is 0 + -1011102?
-1011102
In base 2, what is 10110011110 + -1?
10110011101
In base 13, what is -229 + -5?
-231
In base 9, what is 0 - 70?
-70
In base 14, what is 0 - -8?
8
In base 10, what is 1 + 2115?
2116
In base 15, what is 83 - 31?
52
In base 7, what is -14225 - 3?
-14231
In base 10, what is 6 + 135?
141
In base 16, what is 3 - 28e?
-28b
In base 15, what is -5 + 11?
b
In base 7, what is -14 + -1055?
-1102
In base 3, what is 1111 + 0?
1111
In base 7, what is 54 + 3?
60
In base 9, what is 5 + 43?
48
In base 15, what is 5a + -5e?
-4
In base 15, what is -50 + 4?
-4b
In base 13, what is 9 + 1b?
27
In base 10, what is -23 - 34?
-57
In base 9, what is -18 + -10?
-28
In base 3, what is 1020001011 - 10?
1020001001
In base 12, what is 567 + -4?
563
In base 15, what is -2 - 764?
-766
In base 5, what is -24 + -2?
-31
In base 2, what is 100010001 - 1?
100010000
In base 12, what is -8 + -4?
-10
In base 13, what is 78 - -27?
a2
In base 11, what is 543 - 11?
532
In base 5, what is 4 - -110?
114
In base 10, what is -13 - 296?
-309
In base 16, what is 7 - -15?
1c
In base 9, what is -14 - 40?
-54
In base 2, what is -10111 + 11010111?
11000000
In base 12, what is 21 - 279?
-258
In base 9, what is 5 - 116?
-111
In base 13, what is -a2 + -2?
-a4
In base 6, what is 2 - 3155?
-3153
In base 16, what is -5 - -18d?
188
In base 16, what is -23 - -3c?
19
In base 14, what is -2 + 2?
0
In base 4, what is 111001 - -1?
111002
In base 2, what is -110000001 - -101?
-101111100
In base 11, what is -1219 - -4?
-1215
In base 2, what is 10001101 - 100?
10001001
In base 8, what is -54 + 3?
-51
In base 6, what is 430 + -223?
203
In base 9, what is -2572 - 2?
-2574
In base 4, what is 10102 + -20?
10022
In base 6, what is -10122 - 4?
-10130
In base 16, what is 1f - 3?
1c
In base 5, what is 0 - 443?
-443
In base 14, what is 2 - 1c79?
-1c77
In base 13, what is 0 + 111?
111
In base 8, what is 1 + -32?
-31
In base 7, what is 214 - -34?
251
In base 8, what is 0 + 223?
223
In base 16, what is -1c54 + 4?
-1c50
In base 7, what is 234 - 1?
233
In base 7, what is -331 + -56?
-420
In base 11, what is -57 + 10?
-47
In base 15, what is 11 + -39e?
-38d
In base 6, what is 0 + 125?
125
In base 15, what is 7 + 1?
8
In base 14, what is -2 - -a68?
a66
In base 13, what is -4 - -ac?
a8
In base 5, what is 10 + -2202?
-2142
In base 8, what is -5 - -206?
201
In base 6, what is -3 - -3203?
3200
In base 4, what is 313 - -33?
1012
In base 6, what is 20 - -10?
30
In base 16, what is 61 + f?
70
In base 13, what is -1 + 9a?
99
In base 10, what is -6 + 212?
206
In base 11, what is -232 + 5?
-228
In base 4, what is 112202 - 10?
112132
In base 15, what is -5 - 17?
-1c
In base 16, what is -2a1 - 5?
-2a6
In base 11, what is -24 + -2a?
-53
In base 5, what is -4 - -2210?
2201
In base 13, what is 9 + 17?
23
In base 15, what is 0 - -3b?
3b
In base 8, what is 1 - -126?
127
In base 16, what is -af7 - 0?
-af7
In base 15, what is -1 - 252?
-253
In base 2, what is -11 - -10100110?
10100011
In base 12, what is 1 + -56?
-55
In base 4, what is 1 + -30?
-23
In base 15, what is -a60 + 3?
-a5c
In base 5, what is -40 - -12?
-23
In base 9, what is -4 - -13?
8
In base 16, what is -87 - 1?
-88
In base 7, what is -20 - -21?
1
In base 2, what is -1000011 + -1?
-1000100
In base 14, what is -28 + 29?
1
In base 4, what is 22031 + 10?
22101
In base 16, what is 3d - -e?
4b
In base 7, what is 4 - -64?
101
In base 8, what is -46 + -1?
-47
In base 13, what is -5 - 93?
-98
In base 11, what is -339 + -5?
-343
In base 9, what is 1 + 17?
18
In base 8, what is -11 - -254?
243
In base 3, what is -1100 + 102?
-221
In base 12, what is 91 - -4?
95
In base 3, what is -221 - -1?
-220
In base 7, what is 0 + 1113?
1113
In base 15, what is c + -a?
2
In base 8, what is 2 - -144?
146
In base 15, what is -5 + 9?
4
In base 12, what is -40 - -1?
-3b
In base 8, what is -34 + 143?
107
In base 2, what is -101101100 + 11001?
-101010011
In base 7, what is -2 + -401?
-403
In base 10, what is -3 - 111?
-114
In base 4, what is 20 - 20?
0
In base 14, what is 3 + -bb?
-b8
In base 15, what is -7 + -d7?
-de
In base 14, what is -136d - 1?
-1370
In base 15, what is c1 - 4?
bc
In base 8, what is 245 + 0?
245
In base 3, what is 202001212 - -2?
202001221
In base 3, what is 12 - 1211?
-1122
In base 3, what is -1 + -21020?
-21021
In base 3, what is 101 - 20?
11
In base 7, what is 5 + 10?
15
In base 2, what is 100001111 - -101?
100010100
In base 15, what is -6 + 589?
583
In base 6, what is 2031 + 43?
2114
In base 8, what is 11 - -21?
32
In base 16, what is -141 + 10?
-131
In base 6, what is 3 - 3144?
-3141
In base 15, what is -4 - -399?
395
In base 8, what is -115 + -3?
-120
In base 9, what is -37 + 225?
177
In base 9, what is -380 - -5?
-374
In base 16, what is -5 - 111?
-116
In base 13, what is 2 + b?
10
In base 10, what is 1211 + -9?
1202
In base 9, what is 3 + 5603?
5606
In base 12, what is -3 - -175?
172
In base 7, what is 12 - 2256?
-2244
In base 3, what is -10 + -2021001?
-2021011
In base 2, what is -101101111 - -10?
-101101101
In base 4, what is -1 + 212?
211
In base 4, what is 3030213 - -11?
3030230
In base 7, what is 1 - 234?
-233
In base 5, what is -110 + 0?
-110
In base 6, what is 2143 + -4?
2135
In base 13, what is 4437 + -2?
4435
In base 6, what is 125 - -4?
133
In base 14, what is 8 + -581?
-577
In base 11, what is 2 + a?
11
In base 2, what is -1010 - 1100110?
-1110000
In base 9, what is 2 + -47?
-45
In base 10, what is -2 + 1091?
1089
In base 11, what is 28 - 102?
-85
In base 8, what is -2 + -264?
-266
In base 14, what is 7 + -14?
-b
In base 5, what is 10 + 113341?
113401
In base 11, what is -3 - 115?
-118
In base 2, what is 1110111100 + -110?
1110110110
In base 10, what is -111 + -11?
-122
In base 11, what is -5348 - -1?
-5347
In base 6, what is -10 - -13?
3
In base 13, what is 5 - -2313?
2318
In base 14, what is 998b - -4?
9991
In base 2, what is 1100111 - -10110000?
100010111
In base 12, what is 14 - b?
5
In base 7, what is 3 + -1?
2
In base 6, what is -2 - 333?
-335
In base 11, what is -1 + 45?
44
In base 12, what is 4 - 9a?
-96
In base 8, what is -2 - 110?
-112
In base 2, what is 100111010 + 0?
100111010
In base 9, what is 101 - 7?
83
In base 7, what is 0 - 23?
-23
In base 9, what is -137 + -1?
-138
In base 12, what is -1 + -29?
-2a
In base 5, what is -10 + 22433?
22423
In base 12, what is 7a4b + 3?
7a52
In base 6, what is 2044 + 2?
2050
In base 4, what is -203 - 12301?
-13110
In base 16, what is 8c - -3?
8f
In base 16, what is 1bc - -1?
1bd
In base 11, what is -4 - -17a6?
17a2
In base 5, what is 404 + 4?
413
In base 5, what is 10 - -1142?
1202
In base 7, what is -3 - 12606?
-12612
In base 2, what is -101111110010 + 0?
-101111110010
In base 12, what is a3 - -12?
b5
In base 5, what is -43004 + -2?
-43011
In base 16, what is 4 + -2f?
-2b
In base 5, what is -4001 + -13?
-4014
In base 10, what is 1 + -129?
-128
In base 5, what is 10 - -213142?
213202
In base 13, what is -363 + -2?
-365
In base 5, what is 1 - 1340?
-1334
In base 13, what is -58 + -b?
-66
In base 4, what is -2002 + -301?
-2303
In base 15, what is -150 + 11?
-13e
In base 8, what is -515 + -6?
-523
In base 13, what is 12a2 + -7?
1298
In base 13, what is 1c + -7?
15
In base 14, what is 0 + -6?
-6
In base 6, what is 3 - -35?
42
In base 13, what is -30 - -5?
-28
In base 14, what is b + 5?
12
In base 15, what is 3 - 1d?
-1a
In base 8, what is 64 - -2?
66
In base 2, what is 101101 + 0?
101101
In base 9, what is -1 - -41?
40
In base 14, what is 4 - -37?
3b
In base 8, what is 50 + -3?
45
In base 5, what is -4 + 10020?
10011
In base 4, what is -301 + 101?
-200
In base 4, what is -2 - -12010?
12002
In base 12, what is 17 - b?
8
In base 13, what is -a3 + 5?
-9b
In base 11, what is -32 - -88?
56
In base 4, what is 10132 - 10?
10122
In base 10, what is -8 + -1001?
-1009
In base 9, what is -33 - 2?
-35
In base 15, what is 11 + -12?
-1
In base 15, what is -53 - -5?